s the hundreds digit of k?
2
What is the units digit of -14 + 6/3 + 47?
5
What is the thousands digit of 5/(-25) + 212040/75?
2
Suppose -4*o + 4*s = 772, 3*o - 7*o + 5*s - 777 = 0. Let g = o + 278. What is the units digit of g?
0
Suppose -8120 = 4*m - 14*m. What is the hundreds digit of m?
8
Let c(k) = -k**2 - 9*k - 16. Let t be c(-13). Let d = t - -103. What is the units digit of d?
5
Let q(w) = 79*w**2 - w. Let n be q(1). Let d(g) = -g**2 - 33*g + 112. Let r be d(-32). Let h = r - n. What is the tens digit of h?
6
Let d = -25 - -16. Let q be d/(-6)*(-102)/9. Let k = 45 + q. What is the tens digit of k?
2
Let t(i) be the third derivative of -i**5/60 + 5*i**4/24 - i**3/6 + 3*i**2. Let z be t(4). Let d = z - 2. What is the units digit of d?
1
Let n(c) = 24*c**2 + 57*c - 453. What is the units digit of n(11)?
8
Suppose -7*z + 24 - 10 = 0. Suppose b + 2*x - 109 = 0, 9*b - 561 = 4*b - z*x. What is the tens digit of b?
1
What is the hundreds digit of (126/27 - 4)/((-1)/(-2349))?
5
Suppose 5 = 5*o - 5*v, 2*v - 1 = 5*o - 6. What is the units digit of 3 - ((1 + 2)*1 - o)?
1
Let a(b) = 15*b - 20. Let u be a(20). Let d = u - 48. What is the hundreds digit of d?
2
Suppose 31*l - 14980 = -1526. What is the units digit of l?
4
Suppose -137*r + 108*r = -45037. What is the hundreds digit of r?
5
Let p = -31 + 34. Suppose -t - 2*t = p*b, 5*b + t = 20. Suppose -95 = -0*n - b*n - 5*f, -2*f = -2*n + 54. What is the units digit of n?
3
Let b = -74 + 376. What is the tens digit of b?
0
Let n(b) = -b**3 - 12*b**2 - 19*b + 15. Let t(g) = 6*g**3 + 61*g**2 + 95*g - 76. Let q(c) = -11*n(c) - 2*t(c). What is the tens digit of q(11)?
7
Suppose 105 = 3*k - 5*i + 15, 2*k - 60 = 4*i. Let c(w) = 2*w**2 - 53*w + 22. What is the hundreds digit of c(k)?
2
Let n(j) = j**3 - j + 21. Let k(f) = -f - 7. Let v be k(-6). Let l = v + 1. What is the units digit of n(l)?
1
Suppose 13*f - 14551 - 2206 = 0. What is the hundreds digit of f?
2
Suppose 0 = 167*r - 170*r + 813. Suppose -4*q = -d - 406 - r, 0 = -2*d - 2. What is the tens digit of q?
6
Let w be -1*(-3 + (-6)/(-2)). Suppose -4*c = -5*c + 4*h + 77, c - 2*h - 83 = w. What is the units digit of c?
9
Let i(u) = 8*u - 2. Let d be i(3). Suppose -59 = 21*l - d*l. What is the tens digit of l?
5
Let y(s) = 707*s + 679. What is the units digit of y(6)?
1
Let g(y) = -y**2 + 18*y - 29. Let j be g(16). Suppose 0 = 3*r - 15, j*l - 3*r + 301 = 2*r. What is the units digit of l/((-12)/3) + -4?
9
Suppose 2*x - 4 = -6*g + 2*g, 2*g = -3*x + 6. Suppose 0 = -2*y + x*z - 0*z + 32, y - 2*z = 17. What is the units digit of y?
5
Suppose -5*o + 2*k = -1953, -o - 2*k - 786 = -3*o. Suppose o = 3*u - 16. What is the tens digit of (u/10)/((-1)/(-2))?
2
Let k(q) = 3*q - 14. Let w be k(9). Suppose -6*l - 399 = -w*l. What is the tens digit of l?
5
Let q be (270/(-63))/(3/(-35)). Suppose -6 = -c + 74. Let x = c - q. What is the units digit of x?
0
Suppose v - 2*v = 5*l - 226, 3 = 3*l. Suppose 8*m = 59 + v. What is the tens digit of m?
3
Suppose 15192 = 5*a + 4582. What is the thousands digit of a?
2
Let z(j) = 282*j**3 - j**2 + 4*j - 7. What is the tens digit of z(2)?
5
Let k be (-3)/2 + 6/12. Let t be (-10)/4*k*2. Suppose -i - 3*i - 67 = -5*s, t*s + 5*i = 85. What is the tens digit of s?
1
What is the units digit of (-129)/(-301) - (-30234)/14?
0
Suppose -4*k = 5*n + 462, 0 = -4*k + 6*n - 2*n - 444. Let b = -8 - k. What is the hundreds digit of b?
1
Let b be 4/2 + 3 + -1. Suppose -b*y + 3*t = -2*y + 9, 6 = 2*y + 2*t. Suppose y*a - 2 = -2*a. What is the units digit of a?
1
Suppose 0 = 9*o - 4*o - d - 5461, -4*o = -3*d - 4360. What is the hundreds digit of o?
0
Suppose -3*k + 5*g + 15 = 2*k, -2*k - 2*g - 2 = 0. What is the units digit of 0/(4 - 3) - (-97)/k?
7
Let p(k) = k**2 - 3*k + 5. Let l be p(4). Suppose 4*j - z + 20 = 0, l = -3*j + 5*z - 6. What is the tens digit of j/(-5) + (13 - -1)?
1
Suppose -657 + 2237 = 5*l. What is the hundreds digit of l?
3
Let z(d) = -d**3 + 24*d**2 - 14*d + 1. What is the hundreds digit of z(-9)?
8
Suppose -4*n - 3*w + 39 = 0, 5*n + 4*w - 44 = n. Suppose n*z - 289 = -121. What is the tens digit of z?
2
Suppose 6*u - 3*u = 3*g + 756, 2*u + 4*g - 534 = 0. Let d = -165 + u. What is the units digit of d?
2
Let u = 254 - -642. What is the tens digit of u?
9
Suppose 4*j = 4*t + 96, t = -j - 3*t + 19. Suppose 3*r - 32 = -j. Suppose -r*y + o + 13 = -2*y, y - 2*o - 13 = 0. What is the units digit of y?
3
Let h be (2/(-3))/((-1)/45). Let u = 54 - h. What is the tens digit of u?
2
Let h(o) = -o**2 + 11*o - 15. Let p be h(9). Let t(x) = 16 - x**2 - 18 - 11*x**3 + 3*x**3 - 4*x**p - 2*x. What is the tens digit of t(-1)?
1
Let b(d) = d**3 - 20*d**2 - 15*d - 8. Let a be b(21). Let l = 27 + a. What is the tens digit of l?
4
Let b(i) = i**3 - 6*i**2 + 2*i + 7. Let j be b(6). Suppose -3*o + 52 = j. What is the units digit of o/2 - (-1)/2?
6
Let d be 0*1/(-2) + 0. What is the hundreds digit of 75/(-10)*(-18 - (-2 - d))?
1
Let w = -93 + 489. What is the units digit of w?
6
Let u(o) = -2*o - 1. Let i be u(-8). Suppose -m - 7 = -i. Suppose -p + m = 2*r - 27, p = -r + 32. What is the tens digit of p?
2
Let i = 4479 + -2601. What is the units digit of i?
8
Let n(t) = -10*t + 4. Let c(v) = 189*v - 77. Let a(r) = -3*c(r) - 56*n(r). Let g be a(7). What is the units digit of (12/(-18))/(4/g)?
7
Let i = -9 - -11. Suppose i*b + 3 = -3. What is the tens digit of (1 + b + -13)*-2?
3
Suppose -11*t = -29*t + 5094. What is the tens digit of t?
8
Suppose -3*q = -q - c - 6979, -4*c + 3467 = q. What is the thousands digit of q?
3
Let c = 40 + -36. Suppose c*b - 278 = 550. What is the units digit of b?
7
Let b(q) be the third derivative of q**6/30 - q**5/60 - 5*q**4/24 + 2*q**3/3 + 20*q**2. What is the units digit of b(3)?
8
Let a(z) = -31*z**3 + z - 1. Let g be a(-1). What is the hundreds digit of 298*1*(g - 28)?
2
Suppose 6*i - 7146 = i + 3*m, 0 = 3*i - m - 4286. What is the tens digit of i?
2
Suppose -2*h + 2372 = 494. Suppose -4*f + 4*p = -2*f - 390, -h = -5*f - 2*p. What is the units digit of f?
9
Suppose -26 = -3*o + 4*s, 0 = -4*s - 10 + 2. Suppose -o = 3*j, f + 4*j - 141 = -j. What is the hundreds digit of f?
1
Let d = -6 - -10. Let s = 3 + -3. Suppose -z + 15 + d = s. What is the units digit of z?
9
Let w(u) = 4*u - 8*u + 2*u**2 - 13 - 10*u + 2. What is the units digit of w(10)?
9
Let c(v) = -v**2 - 16*v + 15. Let j(g) = g**3 - 7*g**2 - 12. Let k be j(7). What is the tens digit of c(k)?
6
Let x(h) = -50*h + 257. What is the tens digit of x(-6)?
5
Let g(b) be the first derivative of -1/3*b**3 - 7/2*b**2 - 2*b + 7. What is the tens digit of g(-4)?
1
Let m(u) = -3*u + 4. Let i(k) = 4*k - 3. Let y = -3 + -2. Let d(h) = y*m(h) - 4*i(h). What is the units digit of d(-14)?
6
Let y(s) = -2*s + 2. Let l = -19 - -17. Let m be y(l). What is the tens digit of m/33 + 621/33?
1
Suppose 5*l = 5*t - 65, -4*l + 2*l + 3*t - 24 = 0. Let p = l + 17. What is the units digit of p*-1 + 45 + -10?
3
Let r(j) = 6*j**2 - j - 12. Let p(t) = -t**2 + 11*t - 22. Let s be p(9). What is the tens digit of r(s)?
8
Let m = 42 - 38. Suppose 3*h = 2*a + 146, m*h - 2*a = -a + 188. What is the tens digit of h?
4
Let l = -9 - -11. Let d be 1 + (-12)/(-4) + l. Suppose d = b - 18. What is the units digit of b?
4
Let z(n) = -3*n + 30. Let j be z(8). Suppose j*i = -3*i + 927. What is the hundreds digit of i?
1
Suppose 4*w = 8*b - 6*b - 1486, -4*w - 747 = -b. What is the hundreds digit of b?
7
Let w(m) = m - 18. Let u(p) = 2*p - 37. Let i = -13 + 0. Let d(f) = i*w(f) + 6*u(f). What is the units digit of d(5)?
7
Let s = 176 - 15. Suppose 8*w + 95 = 3*g + 4*w, 5*g - s = 4*w. What is the units digit of g?
3
Suppose -q = 2*f - 6*q - 2140, -3*q = -3*f + 3210. What is the hundreds digit of f?
0
Let d be (-1 + -5)*(-9)/2. Suppose y - 5*p - 45 = 0, -y + 0 = 4*p - d. What is the units digit of y?
5
Suppose -3*o + 0 = -t - 8, 8 = 4*t - 2*o. Suppose t*u + 426 = 5*a, 0 = 5*a - 0*a + 5*u - 390. What is the tens digit of a?
8
What is the tens digit of -447*(-2)/(2 - (-5)/5)?
9
Suppose -4698 = 11*b - 2*b. Suppose 5 = 5*s - 5*v, -3*v - 1 = -3*s + v. What is the units digit of (-2)/s*b/12?
9
Let p(s) be the second derivative of -4*s**2 - 1/20*s**5 - 4*s - 1/3*s**3 + 0 - 7/6*s**4. What is the tens digit of p(-14)?
2
Let